) - -49?
41
Evaluate -35 + 1 + (341 - 380) + (-1 - 10).
-84
What is 25 + -8 + (48 - 24) + -95?
-54
What is (44 - (42 + -36)) + -56?
-18
Evaluate 10 + 20 + -56 + 45.
19
Evaluate 88 - (46 - (33 - 50)).
25
Calculate (-93 - -81) + 59 - 98.
-51
What is 110 - (86 - -9) - 51?
-36
-1 + -6 + -3 + (-11 + 11 - 7)
-17
15 + -22 + 15 - (-20 - -27)
1
Evaluate 6 + (-38 - (-20 + 35 + 5)).
-52
What is -3 + 18 - 4 - (21 + -1) - (5 + 13)?
-27
Evaluate -13 + (4 - (-10 + 4)) + -8 + 4 + -19.
-26
What is -27 + 2 - (36 + 5 - (-4 + 24) - 15)?
-31
Evaluate -92 + (149 - -81) - 27.
111
Calculate -8 - (-56 + 68 - 20).
0
Evaluate -2 + 1 - -28 - (-14 + -13 + 67 + -38).
25
Evaluate (83 - -1) + (-37 - (41 - 38)) + 30.
74
32 - (-37 - (94 + -127))
36
What is -78 + 83 + -30 + -13?
-38
1 + 2 - (241 - 247) - -19
28
What is -67 + 43 - -64 - 43?
-3
Evaluate 56 - (279 + -145) - -121.
43
Evaluate -9 - (-3 + 22 + -33 + 3).
2
What is (0 - 0) + 27 - (79 - -32 - 91)?
7
-11 + -1 - (-72 - (1 + -30 - (-403 + 388)))
46
Calculate 25 + (-9 + (-4 - -7) - -7) - (-15 + 11).
30
What is -35 - (61 - -4 - 119)?
19
What is the value of 41 + (24 - -6 - 55)?
16
Evaluate 18 + (-11 - (-5 - -2 - 28)) + -19.
19
Calculate (-10 - 1) + 107 + -93 + (-97 - -18).
-76
What is the value of -31 + (54 - 29) + -21 - -100?
73
What is -197 - (-107 - -13) - -41?
-62
(25 + 106 - 168) + (-2 + (1 - 1) - 2)
-41
Calculate (21 + -51 - 36 - 32) + 2 + 16.
-80
What is -23 + (15 - 1) + (17 + -4 - 68)?
-64
Calculate 73 - (85 + -165 + 68).
85
Evaluate 7 + -86 + -1 + 9 + -69 + 58.
-82
Evaluate 11 + (-30 - (-23 + 10)) - -95.
89
Calculate (-75 - -38) + 11 + 47.
21
Evaluate (-192 + 4 - -88) + 140.
40
Evaluate (-23 - (5 - 17)) + -5 - -22 - -125.
131
What is the value of (2 - -21) + (1 - 17) + -143 + 187?
51
What is the value of (-24 - 26) + 50 - (8 + 2 + 0)?
-10
What is the value of (-9 - -2) + 11 + (5 - (13 - 15))?
11
Calculate 13 - (-4 + -25 + 74) - -64.
32
What is the value of (6 + -7 - (-14 - (-8 + 3)) - -6) + -10?
4
What is the value of -12 + (0 - -15) + 173 + -90?
86
What is 34 + -6 - ((24 - 24) + 19)?
9
Evaluate 85 + -115 + 129 + -53.
46
Calculate 2 + 52 - (-41 + -24 - -59).
60
Evaluate 12 - (12 - 4 - 43) - (1 + 3).
43
(-4 - -63) + -29 - 4
26
Calculate -353 + 408 - (-2 + 36).
21
What is -16 - (-6 + (-4 - (5 + -3 - 2))) - 18?
-24
What is 17 + (-12 - 50) + 66?
21
Evaluate 69 - (-86 + (34 - -199)).
-78
Calculate (38 - 24) + -110 + 38.
-58
Evaluate 38 + 4 + (31 - (84 - -11)).
-22
Calculate -61 - -30 - (-7 - (-3 - -3 - 14)).
-38
What is 4 + 10 + (-2 - (5 - 15))?
22
What is the value of (-67 - 2) + (-715 - -700)?
-84
Evaluate 69 + -85 + -94 + -14.
-124
-37 + (55 + -90 - -100)
28
(1 - (2 + 1 + 0)) + 13 + 1590 + -1546
55
Calculate 4 - (0 - 15 - (69 + 53 - 213)).
-72
Evaluate -3 + (-57 + (1 - 19) - (7 + 5)).
-90
-3 + -24 - -18 - (-62 - (-12 - -1))
42
What is -88 + 112 + 87 + -120?
-9
Evaluate 11 - (-57 + 9 + 27 + -9).
41
What is 9 + -28 - (-73 - -96)?
-42
Evaluate -16 - (16 + -27 - (-24 + 10 + -12)).
-31
What is 77 - (-2 + 3 + 2) - (-5 + 41 + -30)?
68
Calculate -63 + 16 - -35 - (31 - (-3 + 4)).
-42
-7 + (15 - 1) + 70
77
Evaluate -24 + 100 + -30 + 11 - (2 + 1).
54
0 + -33 - (-925 + 833)
59
What is (-70 - 21) + (13 - 3) - (86 + -84)?
-83
-44 + (96 - 31) + (-1 - (2 - 4))
22
Evaluate 4 + 16 + -49 + (12 + -6 - 9) + 9.
-23
What is 347 + -275 + -55 + 3?
20
Evaluate (-9 - -5) + -1 + -7 + 0 + 30 + -66.
-48
What is the value of -287 - -202 - (5 - (-21 + 9))?
-102
57 - 81 - 34 - (37 - 3)
-92
Calculate 31 + (29 - 30) + -12 - (81 + 0).
-63
-69 + (2 - -28) + 31 + (-1 - (2 - 56))
45
What is 8 + -12 + -20 + -1 + -21?
-46
What is the value of 7 - 10 - (9 + (-21 + 35 - (10 - 2)))?
-18
What is -34 - (-67 - (-39 + 48) - 10)?
52
Evaluate -6 - (47 + -85 + 22 - (-2 + 55)).
63
Evaluate 18 + (-8 + -3 + 0 - -9).
16
1 - -105 - (-830 - -889)
47
Calculate 1533 + -1571 + (62 - 0) - -30.
54
What is (40 - -10) + -9 + (-24 - (-16 + 5))?
28
Evaluate (4 + -4 + -24 - 3) + -182 + 181.
-28
What is (58 - (-1 + 27)) + -25 + -34?
-27
What is (-50 - (-49 + 27) - -20) + -94 + 0 + -4?
-106
Evaluate 16607 + -16678 - (-1 + -29).
-41
Evaluate (12 - (-19 + 22 + 24)) + 11.
-4
-102 - (-140 - -76) - -25
-13
Calculate -1 + -33 + -2 - ((-104 - -96) + 20).
-48
Evaluate (-34 - (116 - 188)) + 27.
65
What is -53 + 118 - (-34 - -33)?
66
(-21 + (78 - 35) - (-68 - -1)) + (1 - 5)
85
What is the value of (7 - 20 - -19) + 3 + 62 + 2?
73
(-29 - -4) + 31 - -24 - (0 + -6)
36
Evaluate -175 + (147 - -57) + 1 + -89.
-59
What is the value of 0 + 37 - (-151 - (-112 - 26))?
50
-41 + (14 - 6) + (-40 + 30 - (0 + -4))
-39
What is the value of -47 - (-10 - (-21 + (23 - 12)))?
-47
Calculate (17 - -43) + -70 + 70.
60
10 + (1 - -55) + -1 + -26 + 27 + -9
57
-55 - (-274 - -54 - -103)
62
Evaluate (1 - 6) + 116 - (-26 + (9 - -4) + 12).
112
What is -216 - -322 - (-9 - -44)?
71
-105 - (57 - (81 + 32))
-49
What is the value of 75 - ((-36 - -22) + 21 + 19)?
49
What is the value of -49 + (-2 - (-1 + -6) - (1 + 4)) - 1?
-50
What is the value of (2 - -27) + (33 - 39) - 21?
2
Calculate -21 + 1 + (-12 - (18 + -15)).
-35
-27 + (-242 - -246) + (-60 - 1)
-84
What is the value of 23 - (7 + 23 - 48)?
41
What is 74 + (18 - (96 + -9))?
5
(-246 - -245) + (-5 - -2 - -14) + 9 + -109
-90
(27 - -13 - -10) + (-19 - (10 + -10))
31
Calculate 25 - (10 + -59 + 65).
9
What is the value of -12 + 18 + -1 + 5 + (-186 - -183) + 7?
14
Calculate 3 + -4 + 2 + (51 - (10 + -8)).
50
Calculate (-83 - -63) + 25 + (-25 - -10).
-10
Evaluate (0 - 16) + (31 + -72 - 22) + 2.
-77
What is the value of -18 + (-46 - 16) - -24 - (-1 - 21)?
-34
Evaluate 33 + -214 + 35 - (-37 + -4).
-105
What is -5 + 12 + (-27 - -3 - -2)?
-15
-24 + (4 + 3 + -5 - -21) + (-1 - -18)
16
70 + -36 + -69 + 26
-9
What is the value of (-14 - -25 - -18) + 33 + -75?
-13
Evaluate -1000 - -972 - (12 + -7 + 1).
-34
What is the value of 11 + -18 + (2 - 1) + (18 - 28) + -8?
-24
(-34 - -14) + 3 + 11 + -5 - 61
-72
What is 5 + -4 + 3 + 13 - -22?
39
Evaluate (-2 - -1 - -7) + 21746 + -21750.
2
Calculate (4 - -4 - -5) + 21 + -15.
19
-31 + -2 - -16 - (-8 + -16)
7
What is the value of (2 + -3 - (-18 - -28 - 10)) + 20 + -4?
15
What is 73 + -3 + -72 - ((0 - 2) + 46 + 1)?
-47
Evaluate -9 + 3 - (137 + -170) - -11.
38
What is the value of -63 + -1 - (-39 + 27 + 13 - -3)?
-68
What is the value of 26 - (-15 + (-9 - -10 - -20))?
20
Calculate 125 - 4 - (593 - 571).
99
Evaluate 22 + (16 + -27 - (-1 + (-4 - -4))).
12
What is the value of (-8240 - -8213) + (5 + -3 - 4 - -8)?
-21
What is 28 - (-13 - -7) - 9?
25
Calculate 763 - 724 - (0 - -22).
17
Calculate -65 + (-20 + -1 - (-38 + (-2 - -34)) - -4).
-76
What is -53 + (-44 - -44) - -14?
-39
Calculate -28 + (21 - -7) + (-35 - 4 - (4 - 1)).
-42
What is 14 + 0 + 6 - 9 - (53 + 0)?
-42
Evaluate -6 - (2 + -9 - -23) - -41.
19
Evaluate 112 + (-43 - (19 + -32)).
82
Evaluate (-26 - -2) + (4 - (-8 - (1 + 6 + -17))).
-22
(-16 - -22 - -27) + -9
24
12 + (38 + -30 - 29) + (-3 - (-2 - 17))
7
140 + -182 + (47 - 3) - 9
-7
What is the value of -14 - ((-27 - -43 - 17) + 11)?
-24
What is (3 - 2) + -1 - 7 - (-27 + -7 - 11)?
38
What is -15 + 1 - (-105 + (-73 - -199))?
-35
-8836 + 8832 - (-2 + 2 + (2 - (-6 - -1)))
-11
-46 + (39 + -55 + 36 - (-2 - -16))
-40
Calculate -2 - (-35 + 60 - (0 + -4 + 7)).
-24
What is 3 + (-54 - -68) + 4?
21
What is the value of (-1 - -17 - (1 - 23 - 37)) + -1 + -4?
70
(24 - 2 - (220 + -222)) + -113
-89
What is 22 + -1 + (108 - 153)?
-24
What is the value of -14 - -2 - (-8 + 10 - -3) - -94?
77
Evaluate 23 + (44 + (8 - 59) - (4 - 0)).
12
Evaluate ((1 - -19) + (-389 - -336) - -18) + 1 + 31.
17
Calculate -21 + 1 + (91 - 75) - (1 + 13 + 0).
-18
Calculate -25 + (20 + -26 - -77) - 43.
3
3 + (-24 + 9 - -95) - (7 - 13)
89
What is the value of (2 - 6 - -15) + (-7 - -8) + 57 + 13?
82
-31 + -1 - (1597 + -1589)
-40
Calculate 2126 + -2171 + (16 - (-3 + 1)).
-27
What is the value of 403 + -395 - (3 - -7)?
-2
Evaluate 10 - (-50 + 22 + 8) - 18.
12
What is 3 + (6 - -2) + 8 + -57 + (4 - -3)?
-31
What is the value of (11 + -30 - -5) + 65 + -5 + -1 + -1?
44
What is the value of 422 + -434 - (-1 + 0 + 2)?
-13
What is -20 - (21 + -44 + -43 + 37)?
9
What is the value of -37 - (169 + -74 + -88)?
-44
Evaluate -6 - (-24 + 2 + 39) - -58.
35
Calculate -9 + -18 + 8 + 19 + -1 + 53 - -10.
62
What is t